{"id":5365,"date":"2017-06-04T18:21:41","date_gmt":"2017-06-04T16:21:41","guid":{"rendered":"https:\/\/krkavolley.si\/site\/?page_id=5365"},"modified":"2025-08-30T12:00:15","modified_gmt":"2025-08-30T10:00:15","slug":"odbojkarska-sola","status":"publish","type":"page","link":"https:\/\/krkavolley.si\/site\/odbojkarska-sola\/","title":{"rendered":"\u0160ola"},"content":{"rendered":"\n<p>Tudi letos organiziramo \u0161olo odbojke za mlade selekcije:<\/p>\n\n\n\n<ul class=\"wp-block-list\">\n<li><strong>mini<\/strong> <strong>odbojka<\/strong> (igralci letnik 2015 in mlaj\u0161i)<\/li>\n\n\n\n<li><strong>mala<\/strong> <strong>odbojka<\/strong> (letnik 2013 in mlaj\u0161i)<\/li>\n\n\n\n<li><strong>starej\u0161i<\/strong> <strong>de\u010dki<\/strong> (letnik 2011 in mlaj\u0161i)<\/li>\n\n\n\n<li><strong>kadeti<\/strong> (letnik 2009 in mlaj\u0161i)<\/li>\n\n\n\n<li><strong>mladinci<\/strong> (letnik 2007 in mlaj\u0161i)<\/li>\n<\/ul>\n\n\n\n<p>\u0160olo odbojke bosta vodila trenerja Luka Brulec in Ivan Milo\u0161evi\u0107.<\/p>\n\n\n\n<p>Kontakt:<\/p>\n\n\n\n<ul class=\"wp-block-list\">\n<li><strong>Luka Brulec<\/strong> (luka.brulec AFNA gmail.com)<\/li>\n\n\n\n<li><strong>Ivan Milo\u0161evi\u0107<\/strong> (ivecvolley AFNA gmail.com)<\/li>\n<\/ul>\n\n\n\n<h3 class=\"wp-block-heading\">RAZPORED TRENINGOV<\/h3>\n\n\n\n<figure class=\"wp-block-table\"><table><tbody><tr><td><strong>ponedeljek<\/strong><\/td><td><strong>torek<\/strong><\/td><td><strong>sreda<\/strong><\/td><\/tr><tr><td>13:45-14:30 kro\u017eek <br>O\u0160 Br\u0161ljin<\/td><td><\/td><td>14:00-15:30 trening dolenjska <br>\u0160D \u0160tukelj<\/td><\/tr><tr><td>14:45-16:30 trening <strong>kadeti<\/strong>+<strong>mladinci<\/strong> <br>O\u0160 Br\u0161ljin<\/td><td>14:45-16:30 trening <strong>kadeti<\/strong>+<strong>mladinci<\/strong> <br>O\u0160 Br\u0161ljin<\/td><td>16:30-18:00 trening <strong>mini\/mala <\/strong><br>O\u0160 \u0160mihel<\/td><\/tr><tr><td>16:30-18:00 trening <strong>de\u010dki<\/strong> odbojka <br>O\u0160 Br\u0161ljin<\/td><td>16:30-18:00 trening <strong>de\u010dki<\/strong> <br>O\u0160 Br\u0161ljin<\/td><td>20:00-21:30 trening <strong>\u010dlani<\/strong> <strong>3. DOL<\/strong> <br>Livada<\/td><\/tr><tr><td>18:00-19:30 trening <strong>mini\/mala<\/strong> odbojka <br>O\u0160 \u0160mihel<\/td><td><\/td><td><\/td><\/tr><tr><td>19:30-21:00 trening <strong>\u010dlani<\/strong> <strong>3. DOL <\/strong><br>O\u0160 \u0160mihel (tudi <strong>mladinci<\/strong>)<\/td><td><\/td><td><\/td><\/tr><\/tbody><\/table><\/figure>\n\n\n\n<figure class=\"wp-block-table\"><table><tbody><tr><td><strong>\u010detrtek<\/strong><\/td><td><strong>petek<\/strong><\/td><\/tr><tr><td><\/td><td>13:45-14:30 kro\u017eek <br>O\u0160 Drska<\/td><\/tr><tr><td>14:45-16:30 trening <strong>kadeti+mladinci<\/strong> <br>O\u0160 Br\u0161ljin<\/td><td>15:00-16:30 trening<strong> mini\/mala<\/strong> <br>O\u0160 \u0160mihel<\/td><\/tr><tr><td>16:30-18:00 trening <strong>de\u010dki<\/strong> <br>O\u0160 Br\u0161ljin<\/td><td>14:45-16:30 trening <strong>kadeti+mladinci<\/strong> <br>O\u0160 Br\u0161ljin<\/td><\/tr><tr><td><\/td><td>16:30-18:00 trening <strong>de\u010dki<\/strong> <br>O\u0160 Br\u0161ljin<\/td><\/tr><tr><td><\/td><td>20:00-21:30 trening<strong> \u010dlani 3.DOL <\/strong><br>O\u0160 Drska<\/td><\/tr><\/tbody><\/table><\/figure>\n\n\n\n<p>Dokument z opisom odbojkarske \u0161ole za tekmovalno sezono 2025\/2026 je pripet <a href=\"https:\/\/krkavolley.si\/site\/wp-content\/uploads\/2025\/08\/INFORMACIJE-ODBOJKARSKA-SOLA-2025_2026.pdf\">spodaj<\/a>. <\/p>\n\n\n\n<div data-wp-interactive=\"core\/file\" class=\"wp-block-file\"><object data-wp-bind--hidden=\"!state.hasPdfPreview\" hidden class=\"wp-block-file__embed\" data=\"https:\/\/krkavolley.si\/site\/wp-content\/uploads\/2025\/08\/INFORMACIJE-ODBOJKARSKA-SOLA-2025_2026.pdf\" type=\"application\/pdf\" style=\"width:100%;height:600px\" aria-label=\"Vdelava INFORMACIJE - ODBOJKARSKA \u0160OLA 2025_2026\"><\/object><a id=\"wp-block-file--media-3367a343-9288-4370-8891-1094a4d53952\" href=\"https:\/\/krkavolley.si\/site\/wp-content\/uploads\/2025\/08\/INFORMACIJE-ODBOJKARSKA-SOLA-2025_2026.pdf\">INFORMACIJE &#8211; ODBOJKARSKA \u0160OLA 2025_2026<\/a><a href=\"https:\/\/krkavolley.si\/site\/wp-content\/uploads\/2025\/08\/INFORMACIJE-ODBOJKARSKA-SOLA-2025_2026.pdf\" class=\"wp-block-file__button wp-element-button\" download aria-describedby=\"wp-block-file--media-3367a343-9288-4370-8891-1094a4d53952\">Prenos<\/a><\/div>\n","protected":false},"excerpt":{"rendered":"<p>Tudi letos organiziramo \u0161olo odbojke za mlade selekcije: \u0160olo odbojke bosta vodila trenerja Luka Brulec in Ivan Milo\u0161evi\u0107. Kontakt: RAZPORED TRENINGOV ponedeljek torek sreda 13:45-14:30 kro\u017eek O\u0160 Br\u0161ljin 14:00-15:30 trening&hellip; <\/p>\n<p class=\"chuchadon-read-more\"><a href=\"https:\/\/krkavolley.si\/site\/odbojkarska-sola\/\" class=\"more-link\">Beri dalje&#8230;<\/a><\/p>\n","protected":false},"author":1,"featured_media":0,"parent":0,"menu_order":0,"comment_status":"closed","ping_status":"closed","template":"pages\/single.php","meta":{"footnotes":""},"class_list":["post-5365","page","type-page","status-publish","entry"],"yoast_head":"<!-- This site is optimized with the Yoast SEO plugin v26.6 - https:\/\/yoast.com\/wordpress\/plugins\/seo\/ -->\n<title>\u0160ola - Mo\u0161ki odbojkarski klub Krka<\/title>\n<meta name=\"description\" content=\"\u0160ola odbojke | Odbojkarska \u0161ola | Vadba odbojke | Treniranje odbojke | Kako igrati odbojko? | Vpis v \u0161olo odbojke | Odbojka za mlade | Trening odbojke\" \/>\n<meta name=\"robots\" content=\"index, follow, max-snippet:-1, max-image-preview:large, max-video-preview:-1\" \/>\n<link rel=\"canonical\" href=\"https:\/\/krkavolley.si\/site\/odbojkarska-sola\/\" \/>\n<meta property=\"og:locale\" content=\"sl_SI\" \/>\n<meta property=\"og:type\" content=\"article\" \/>\n<meta property=\"og:title\" content=\"\u0160ola - Mo\u0161ki odbojkarski klub Krka\" \/>\n<meta property=\"og:description\" content=\"\u0160ola odbojke | Odbojkarska \u0161ola | Vadba odbojke | Treniranje odbojke | Kako igrati odbojko? | Vpis v \u0161olo odbojke | Odbojka za mlade | Trening odbojke\" \/>\n<meta property=\"og:url\" content=\"https:\/\/krkavolley.si\/site\/odbojkarska-sola\/\" \/>\n<meta property=\"og:site_name\" content=\"Mo\u0161ki odbojkarski klub Krka\" \/>\n<meta property=\"article:publisher\" content=\"https:\/\/www.facebook.com\/krkavolley\/\" \/>\n<meta property=\"article:modified_time\" content=\"2025-08-30T10:00:15+00:00\" \/>\n<meta name=\"twitter:card\" content=\"summary_large_image\" \/>\n<meta name=\"twitter:label1\" content=\"Est. reading time\" \/>\n\t<meta name=\"twitter:data1\" content=\"1 minuta\" \/>\n<script type=\"application\/ld+json\" class=\"yoast-schema-graph\">{\"@context\":\"https:\/\/schema.org\",\"@graph\":[{\"@type\":\"WebPage\",\"@id\":\"https:\/\/krkavolley.si\/site\/odbojkarska-sola\/\",\"url\":\"https:\/\/krkavolley.si\/site\/odbojkarska-sola\/\",\"name\":\"\u0160ola - Mo\u0161ki odbojkarski klub Krka\",\"isPartOf\":{\"@id\":\"https:\/\/krkavolley.si\/site\/#website\"},\"datePublished\":\"2017-06-04T16:21:41+00:00\",\"dateModified\":\"2025-08-30T10:00:15+00:00\",\"description\":\"\u0160ola odbojke | Odbojkarska \u0161ola | Vadba odbojke | Treniranje odbojke | Kako igrati odbojko? | Vpis v \u0161olo odbojke | Odbojka za mlade | Trening odbojke\",\"breadcrumb\":{\"@id\":\"https:\/\/krkavolley.si\/site\/odbojkarska-sola\/#breadcrumb\"},\"inLanguage\":\"sl-SI\",\"potentialAction\":[{\"@type\":\"ReadAction\",\"target\":[\"https:\/\/krkavolley.si\/site\/odbojkarska-sola\/\"]}]},{\"@type\":\"BreadcrumbList\",\"@id\":\"https:\/\/krkavolley.si\/site\/odbojkarska-sola\/#breadcrumb\",\"itemListElement\":[{\"@type\":\"ListItem\",\"position\":1,\"name\":\"Home\",\"item\":\"https:\/\/krkavolley.si\/site\/\"},{\"@type\":\"ListItem\",\"position\":2,\"name\":\"\u0160ola\"}]},{\"@type\":\"WebSite\",\"@id\":\"https:\/\/krkavolley.si\/site\/#website\",\"url\":\"https:\/\/krkavolley.si\/site\/\",\"name\":\"Mo\u0161ki odbojkarski klub Krka\",\"description\":\"Novo mesto\",\"publisher\":{\"@id\":\"https:\/\/krkavolley.si\/site\/#organization\"},\"potentialAction\":[{\"@type\":\"SearchAction\",\"target\":{\"@type\":\"EntryPoint\",\"urlTemplate\":\"https:\/\/krkavolley.si\/site\/?s={search_term_string}\"},\"query-input\":{\"@type\":\"PropertyValueSpecification\",\"valueRequired\":true,\"valueName\":\"search_term_string\"}}],\"inLanguage\":\"sl-SI\"},{\"@type\":\"Organization\",\"@id\":\"https:\/\/krkavolley.si\/site\/#organization\",\"name\":\"Mo\u0161ki odbojkarski klub Krka\",\"url\":\"https:\/\/krkavolley.si\/site\/\",\"logo\":{\"@type\":\"ImageObject\",\"inLanguage\":\"sl-SI\",\"@id\":\"https:\/\/krkavolley.si\/site\/#\/schema\/logo\/image\/\",\"url\":\"https:\/\/krkavolley.si\/site\/wp-content\/uploads\/2017\/03\/mok_krka_squared.jpg\",\"contentUrl\":\"https:\/\/krkavolley.si\/site\/wp-content\/uploads\/2017\/03\/mok_krka_squared.jpg\",\"width\":500,\"height\":500,\"caption\":\"Mo\u0161ki odbojkarski klub Krka\"},\"image\":{\"@id\":\"https:\/\/krkavolley.si\/site\/#\/schema\/logo\/image\/\"},\"sameAs\":[\"https:\/\/www.facebook.com\/krkavolley\/\",\"https:\/\/www.youtube.com\/channel\/UC-9mw6XzAdOheQVW-nJxBDg\"]}]}<\/script>\n<!-- \/ Yoast SEO plugin. -->","yoast_head_json":{"title":"\u0160ola - Mo\u0161ki odbojkarski klub Krka","description":"\u0160ola odbojke | Odbojkarska \u0161ola | Vadba odbojke | Treniranje odbojke | Kako igrati odbojko? | Vpis v \u0161olo odbojke | Odbojka za mlade | Trening odbojke","robots":{"index":"index","follow":"follow","max-snippet":"max-snippet:-1","max-image-preview":"max-image-preview:large","max-video-preview":"max-video-preview:-1"},"canonical":"https:\/\/krkavolley.si\/site\/odbojkarska-sola\/","og_locale":"sl_SI","og_type":"article","og_title":"\u0160ola - Mo\u0161ki odbojkarski klub Krka","og_description":"\u0160ola odbojke | Odbojkarska \u0161ola | Vadba odbojke | Treniranje odbojke | Kako igrati odbojko? | Vpis v \u0161olo odbojke | Odbojka za mlade | Trening odbojke","og_url":"https:\/\/krkavolley.si\/site\/odbojkarska-sola\/","og_site_name":"Mo\u0161ki odbojkarski klub Krka","article_publisher":"https:\/\/www.facebook.com\/krkavolley\/","article_modified_time":"2025-08-30T10:00:15+00:00","twitter_card":"summary_large_image","twitter_misc":{"Est. reading time":"1 minuta"},"schema":{"@context":"https:\/\/schema.org","@graph":[{"@type":"WebPage","@id":"https:\/\/krkavolley.si\/site\/odbojkarska-sola\/","url":"https:\/\/krkavolley.si\/site\/odbojkarska-sola\/","name":"\u0160ola - Mo\u0161ki odbojkarski klub Krka","isPartOf":{"@id":"https:\/\/krkavolley.si\/site\/#website"},"datePublished":"2017-06-04T16:21:41+00:00","dateModified":"2025-08-30T10:00:15+00:00","description":"\u0160ola odbojke | Odbojkarska \u0161ola | Vadba odbojke | Treniranje odbojke | Kako igrati odbojko? | Vpis v \u0161olo odbojke | Odbojka za mlade | Trening odbojke","breadcrumb":{"@id":"https:\/\/krkavolley.si\/site\/odbojkarska-sola\/#breadcrumb"},"inLanguage":"sl-SI","potentialAction":[{"@type":"ReadAction","target":["https:\/\/krkavolley.si\/site\/odbojkarska-sola\/"]}]},{"@type":"BreadcrumbList","@id":"https:\/\/krkavolley.si\/site\/odbojkarska-sola\/#breadcrumb","itemListElement":[{"@type":"ListItem","position":1,"name":"Home","item":"https:\/\/krkavolley.si\/site\/"},{"@type":"ListItem","position":2,"name":"\u0160ola"}]},{"@type":"WebSite","@id":"https:\/\/krkavolley.si\/site\/#website","url":"https:\/\/krkavolley.si\/site\/","name":"Mo\u0161ki odbojkarski klub Krka","description":"Novo mesto","publisher":{"@id":"https:\/\/krkavolley.si\/site\/#organization"},"potentialAction":[{"@type":"SearchAction","target":{"@type":"EntryPoint","urlTemplate":"https:\/\/krkavolley.si\/site\/?s={search_term_string}"},"query-input":{"@type":"PropertyValueSpecification","valueRequired":true,"valueName":"search_term_string"}}],"inLanguage":"sl-SI"},{"@type":"Organization","@id":"https:\/\/krkavolley.si\/site\/#organization","name":"Mo\u0161ki odbojkarski klub Krka","url":"https:\/\/krkavolley.si\/site\/","logo":{"@type":"ImageObject","inLanguage":"sl-SI","@id":"https:\/\/krkavolley.si\/site\/#\/schema\/logo\/image\/","url":"https:\/\/krkavolley.si\/site\/wp-content\/uploads\/2017\/03\/mok_krka_squared.jpg","contentUrl":"https:\/\/krkavolley.si\/site\/wp-content\/uploads\/2017\/03\/mok_krka_squared.jpg","width":500,"height":500,"caption":"Mo\u0161ki odbojkarski klub Krka"},"image":{"@id":"https:\/\/krkavolley.si\/site\/#\/schema\/logo\/image\/"},"sameAs":["https:\/\/www.facebook.com\/krkavolley\/","https:\/\/www.youtube.com\/channel\/UC-9mw6XzAdOheQVW-nJxBDg"]}]}},"_links":{"self":[{"href":"https:\/\/krkavolley.si\/site\/wp-json\/wp\/v2\/pages\/5365","targetHints":{"allow":["GET"]}}],"collection":[{"href":"https:\/\/krkavolley.si\/site\/wp-json\/wp\/v2\/pages"}],"about":[{"href":"https:\/\/krkavolley.si\/site\/wp-json\/wp\/v2\/types\/page"}],"author":[{"embeddable":true,"href":"https:\/\/krkavolley.si\/site\/wp-json\/wp\/v2\/users\/1"}],"replies":[{"embeddable":true,"href":"https:\/\/krkavolley.si\/site\/wp-json\/wp\/v2\/comments?post=5365"}],"version-history":[{"count":43,"href":"https:\/\/krkavolley.si\/site\/wp-json\/wp\/v2\/pages\/5365\/revisions"}],"predecessor-version":[{"id":11081,"href":"https:\/\/krkavolley.si\/site\/wp-json\/wp\/v2\/pages\/5365\/revisions\/11081"}],"wp:attachment":[{"href":"https:\/\/krkavolley.si\/site\/wp-json\/wp\/v2\/media?parent=5365"}],"curies":[{"name":"wp","href":"https:\/\/api.w.org\/{rel}","templated":true}]}}